{"id":12129,"date":"2020-06-30T15:12:10","date_gmt":"2020-06-30T15:12:10","guid":{"rendered":"http:\/\/smagic31.com\/product\/deja-vecu-by-alessandro-criscione-video-download\/"},"modified":"2020-11-12T16:48:34","modified_gmt":"2020-11-12T16:48:34","slug":"deja-vecu-by-alessandro-criscione-video-download","status":"publish","type":"product","link":"https:\/\/smagic31.com\/?product=deja-vecu-by-alessandro-criscione-video-download","title":{"rendered":"D\u00c8J\u00c1 V\u00c8CU by Alessandro Criscione video DOWNLOAD"},"content":{"rendered":"<p><iframe loading=\"lazy\" class=\"mms-video-player\" width=\"510\" height=\"311\" frameborder=\"0\" scrolling=\"no\" src=\"https:\/\/www.murphysmagic.com\/videoembed\/defaults.aspx?id=63308\"><\/iframe><\/p>\n<p><b>D\u00c8J\u00c1 V\u00c8CU<\/b> is The Ultimate Card In Mouth&#8230; <\/p>\n<p>Imagine the following. You put a card in your mouth. You hold the rest of the deck and the spectator selects and signs a card. You replace their card back in the deck and, in the blink of an eye, their signed card is now in your mouth! <\/p>\n<p>There is more! The spectator then places their card in the middle of the deck, and immediately their signed card is back again in your mouth! <\/p>\n<p>Very simple and can be repeated. <\/p>\n<p>What you waiting for? Download the video and start performing this miracle!<\/p>\n","protected":false},"excerpt":{"rendered":"<p>D\u00c8J\u00c1 V\u00c8CU is The Ultimate Card In Mouth&#8230; Imagine the following. You put a card in your mouth. You hold the rest of the deck and the spectator selects and signs a card. You replace their card back in the deck and, in the blink of an eye, their signed card is now in your [&#8230;]\n","protected":false},"featured_media":12130,"comment_status":"open","ping_status":"closed","template":"","meta":[],"product_brand":[],"product_cat":[291,177,187,176],"product_tag":[180,188,179],"class_list":{"0":"post-12129","1":"product","2":"type-product","3":"status-publish","4":"has-post-thumbnail","6":"product_cat-10-downloads","7":"product_cat-card-magic-and-trick-decks","8":"product_cat-close-up-performer","9":"product_cat-digital-downloads","10":"product_tag-card-magic-and-trick-decks","11":"product_tag-close-up-performer","12":"product_tag-digital-downloads","14":"first","15":"instock","16":"virtual","17":"purchasable","18":"product-type-simple"},"_links":{"self":[{"href":"https:\/\/smagic31.com\/index.php?rest_route=\/wp\/v2\/product\/12129","targetHints":{"allow":["GET"]}}],"collection":[{"href":"https:\/\/smagic31.com\/index.php?rest_route=\/wp\/v2\/product"}],"about":[{"href":"https:\/\/smagic31.com\/index.php?rest_route=\/wp\/v2\/types\/product"}],"replies":[{"embeddable":true,"href":"https:\/\/smagic31.com\/index.php?rest_route=%2Fwp%2Fv2%2Fcomments&post=12129"}],"wp:featuredmedia":[{"embeddable":true,"href":"https:\/\/smagic31.com\/index.php?rest_route=\/wp\/v2\/media\/12130"}],"wp:attachment":[{"href":"https:\/\/smagic31.com\/index.php?rest_route=%2Fwp%2Fv2%2Fmedia&parent=12129"}],"wp:term":[{"taxonomy":"product_brand","embeddable":true,"href":"https:\/\/smagic31.com\/index.php?rest_route=%2Fwp%2Fv2%2Fproduct_brand&post=12129"},{"taxonomy":"product_cat","embeddable":true,"href":"https:\/\/smagic31.com\/index.php?rest_route=%2Fwp%2Fv2%2Fproduct_cat&post=12129"},{"taxonomy":"product_tag","embeddable":true,"href":"https:\/\/smagic31.com\/index.php?rest_route=%2Fwp%2Fv2%2Fproduct_tag&post=12129"}],"curies":[{"name":"wp","href":"https:\/\/api.w.org\/{rel}","templated":true}]}}