{"id":10794,"date":"2020-04-25T14:48:39","date_gmt":"2020-04-25T14:48:39","guid":{"rendered":"https:\/\/smagic31.com\/product\/la-referencia-de-bolsillo-del-mago-profesional-por-s-jorge-mena-ebook-download\/"},"modified":"2020-06-30T13:57:19","modified_gmt":"2020-06-30T13:57:19","slug":"la-referencia-de-bolsillo-del-mago-profesional-por-s-jorge-mena-ebook-download","status":"publish","type":"product","link":"https:\/\/smagic31.com\/?product=la-referencia-de-bolsillo-del-mago-profesional-por-s-jorge-mena-ebook-download","title":{"rendered":"La Referencia de Bolsillo del Mago Profesional por S. Jorge Mena eBook DOWNLOAD"},"content":{"rendered":"<p>Establecerse como un mago profesional requiere de ciertos conocimientos que nunca antes se dieron a conocer. Desde c\u00f3mo seleccionar el tipo de magia que presentar\u00e1 a como ser contratado para actuaciones pagas. Una gu\u00eda pr\u00e1ctica que te llevar\u00e1 de la mano paso por paso por el camino hacia el \u00e9xito. <\/p>\n<p>Escrito por el internacionalmente conocido mentalista y autor S. Jorge Mena y publicado en espa\u00f1ol por AMG Magic. <\/p>\n<p>(Versi\u00f3n en espa\u00f1ol de &#8220;The Magician&#8217;s Pocket Reference&#8221; del mismo autor.) <\/p>\n[SPANISH VERSION OF: The Magician&#8217;s Pocket Reference by S. Jorge Mena, a.k.a. Stephen R. York]\n","protected":false},"excerpt":{"rendered":"<p>Establecerse como un mago profesional requiere de ciertos conocimientos que nunca antes se dieron a conocer. Desde c\u00f3mo seleccionar el tipo de magia que presentar\u00e1 a como ser contratado para actuaciones pagas. Una gu\u00eda pr\u00e1ctica que te llevar\u00e1 de la mano paso por paso por el camino hacia el \u00e9xito. Escrito por el internacionalmente conocido [&#8230;]\n","protected":false},"featured_media":10795,"comment_status":"open","ping_status":"closed","template":"","meta":[],"product_brand":[],"product_cat":[187,176],"product_tag":[188,179],"class_list":{"0":"post-10794","1":"product","2":"type-product","3":"status-publish","4":"has-post-thumbnail","6":"product_cat-close-up-performer","7":"product_cat-digital-downloads","8":"product_tag-close-up-performer","9":"product_tag-digital-downloads","11":"first","12":"instock","13":"virtual","14":"purchasable","15":"product-type-simple"},"_links":{"self":[{"href":"https:\/\/smagic31.com\/index.php?rest_route=\/wp\/v2\/product\/10794","targetHints":{"allow":["GET"]}}],"collection":[{"href":"https:\/\/smagic31.com\/index.php?rest_route=\/wp\/v2\/product"}],"about":[{"href":"https:\/\/smagic31.com\/index.php?rest_route=\/wp\/v2\/types\/product"}],"replies":[{"embeddable":true,"href":"https:\/\/smagic31.com\/index.php?rest_route=%2Fwp%2Fv2%2Fcomments&post=10794"}],"wp:featuredmedia":[{"embeddable":true,"href":"https:\/\/smagic31.com\/index.php?rest_route=\/wp\/v2\/media\/10795"}],"wp:attachment":[{"href":"https:\/\/smagic31.com\/index.php?rest_route=%2Fwp%2Fv2%2Fmedia&parent=10794"}],"wp:term":[{"taxonomy":"product_brand","embeddable":true,"href":"https:\/\/smagic31.com\/index.php?rest_route=%2Fwp%2Fv2%2Fproduct_brand&post=10794"},{"taxonomy":"product_cat","embeddable":true,"href":"https:\/\/smagic31.com\/index.php?rest_route=%2Fwp%2Fv2%2Fproduct_cat&post=10794"},{"taxonomy":"product_tag","embeddable":true,"href":"https:\/\/smagic31.com\/index.php?rest_route=%2Fwp%2Fv2%2Fproduct_tag&post=10794"}],"curies":[{"name":"wp","href":"https:\/\/api.w.org\/{rel}","templated":true}]}}